{"id":41,"date":"2025-05-26T12:22:26","date_gmt":"2025-05-26T10:22:26","guid":{"rendered":"https:\/\/www.celozivotnakariera.sk\/?page_id=41"},"modified":"2025-06-25T12:29:04","modified_gmt":"2025-06-25T10:29:04","slug":"o-nas","status":"publish","type":"page","link":"https:\/\/www.celozivotnakariera.sk\/index.php\/o-nas\/","title":{"rendered":"O n\u00e1s"},"content":{"rendered":"\t\t<div data-elementor-type=\"wp-page\" data-elementor-id=\"41\" class=\"elementor elementor-41\" data-elementor-post-type=\"page\">\n\t\t\t\t<div class=\"elementor-element elementor-element-1f1b4ae e-flex e-con-boxed e-con e-parent\" data-id=\"1f1b4ae\" data-element_type=\"container\" data-e-type=\"container\">\n\t\t\t\t\t<div class=\"e-con-inner\">\n\t\t<div class=\"elementor-element elementor-element-b2ac5c0 e-con-full e-flex e-con e-child\" data-id=\"b2ac5c0\" data-element_type=\"container\" data-e-type=\"container\">\n\t\t\t\t<div class=\"elementor-element elementor-element-c3a34e2 elementor-widget elementor-widget-heading\" data-id=\"c3a34e2\" data-element_type=\"widget\" data-e-type=\"widget\" data-widget_type=\"heading.default\">\n\t\t\t\t<div class=\"elementor-widget-container\">\n\t\t\t\t\t<h2 class=\"elementor-heading-title elementor-size-default\">O n\u00e1s<\/h2>\t\t\t\t<\/div>\n\t\t\t\t<\/div>\n\t\t\t\t<\/div>\n\t\t<div class=\"elementor-element elementor-element-08908d4 e-con-full e-flex e-con e-child\" data-id=\"08908d4\" data-element_type=\"container\" data-e-type=\"container\">\n\t\t\t\t<div class=\"elementor-element elementor-element-c165f2c elementor-hidden-mobile elementor-widget elementor-widget-image\" data-id=\"c165f2c\" data-element_type=\"widget\" data-e-type=\"widget\" data-widget_type=\"image.default\">\n\t\t\t\t<div class=\"elementor-widget-container\">\n\t\t\t\t\t\t\t\t\t\t\t\t\t\t\t\t<a href=\"https:\/\/www.alianciasr.sk\/\">\n\t\t\t\t\t\t\t<img fetchpriority=\"high\" decoding=\"async\" width=\"800\" height=\"216\" src=\"https:\/\/www.celozivotnakariera.sk\/wp-content\/uploads\/2025\/05\/logo_horizontalne_ASRmodra_transparent-1024x276.png\" class=\"attachment-large size-large wp-image-31\" alt=\"Logo Aliancia sektorov\u00fdch r\u00e1d\" srcset=\"https:\/\/www.celozivotnakariera.sk\/wp-content\/uploads\/2025\/05\/logo_horizontalne_ASRmodra_transparent-1024x276.png 1024w, https:\/\/www.celozivotnakariera.sk\/wp-content\/uploads\/2025\/05\/logo_horizontalne_ASRmodra_transparent-300x81.png 300w, https:\/\/www.celozivotnakariera.sk\/wp-content\/uploads\/2025\/05\/logo_horizontalne_ASRmodra_transparent-768x207.png 768w, https:\/\/www.celozivotnakariera.sk\/wp-content\/uploads\/2025\/05\/logo_horizontalne_ASRmodra_transparent-1536x414.png 1536w, https:\/\/www.celozivotnakariera.sk\/wp-content\/uploads\/2025\/05\/logo_horizontalne_ASRmodra_transparent.png 1724w\" sizes=\"(max-width: 800px) 100vw, 800px\" \/>\t\t\t\t\t\t\t\t<\/a>\n\t\t\t\t\t\t\t\t\t\t\t\t\t\t\t<\/div>\n\t\t\t\t<\/div>\n\t\t\t\t<\/div>\n\t\t<div class=\"elementor-element elementor-element-e95d02a e-con-full e-flex e-con e-child\" data-id=\"e95d02a\" data-element_type=\"container\" data-e-type=\"container\">\n\t\t\t\t<div class=\"elementor-element elementor-element-c6c661a elementor-widget elementor-widget-text-editor\" data-id=\"c6c661a\" data-element_type=\"widget\" data-e-type=\"widget\" data-widget_type=\"text-editor.default\">\n\t\t\t\t<div class=\"elementor-widget-container\">\n\t\t\t\t\t\t\t\t\t<p><strong>Celo\u017eivotn\u00e1 kari\u00e9ra<\/strong> je modern\u00fd webov\u00fd port\u00e1l, ktor\u00fd sp\u00e1ja v\u0161etko potrebn\u00e9 pre <strong>udr\u017eanie a rozvoj profesijnej kari\u00e9ry po\u010das cel\u00e9ho \u017eivota.<\/strong> Pon\u00faka n\u00e1stroje a rie\u0161enia z oblasti <strong>vekov\u00e9ho mana\u017ementu a rozvoja zru\u010dnost\u00ed<\/strong>, v\u010faka ktor\u00fdm m\u00f4\u017eu <strong>jednotlivci, organiz\u00e1cie a zamestn\u00e1vatelia<\/strong> <strong>cielene reagova\u0165 na meniace sa potreby pracovn\u00edkov v r\u00f4znych \u017eivotn\u00fdch etap\u00e1ch a situ\u00e1ci\u00e1ch.<\/strong> V dobe turbulentn\u00fdch zmien na trhu pr\u00e1ce je d\u00f4le\u017eit\u00e9 <strong>prisp\u00f4sobi\u0165 pracovn\u00e9 podmienky a odstr\u00e1ni\u0165 bari\u00e9ry pracovn\u00edkov, ktor\u00ed chc\u00fa budova\u0165 svoju kari\u00e9ru po\u010das cel\u00e9ho \u017eivota<\/strong> \u2013 \u010di je to za\u010diatok kari\u00e9ry, n\u00e1stup po rodi\u010dovskej dovolenke alebo f\u00e1za akt\u00edvneho starnutia.<\/p><p>Celo\u017eivotn\u00fa kari\u00e9ru realizuje <strong>Aliancia sektorov\u00fdch r\u00e1d<\/strong> (ASR), ktor\u00e1 je z\u00e1ujmov\u00fdm zdru\u017een\u00edm pr\u00e1vnick\u00fdch os\u00f4b. Jej osobitn\u00e9 postavenie a hlavn\u00e9 \u010dinnosti vypl\u00fdvaj\u00fa z \u00a7 35b z\u00e1kona \u010d. 5\/2004 Z. z. o slu\u017eb\u00e1ch zamestnanosti a o zmene a doplnen\u00ed niektor\u00fdch z\u00e1konov v znen\u00ed neskor\u0161\u00edch predpisov.<\/p><p>Zakladaj\u00facimi \u010dlenmi ASR s\u00fa <strong>Ministerstvo pr\u00e1ce, soci\u00e1lnych vec\u00ed a rodiny SR, Ministerstvo \u0161kolstva, v\u00fdskumu, v\u00fdvoja a ml\u00e1de\u017ee SR,<\/strong> \u010falej s\u00fa to organiz\u00e1cie reprezentuj\u00face z\u00e1ujmy zamestn\u00e1vate\u013eov &#8211; <strong>Asoci\u00e1cia zamestn\u00e1vate\u013esk\u00fdch zv\u00e4zov a zdru\u017een\u00ed Slovenskej republiky, Republikov\u00e1 \u00fania zamestn\u00e1vate\u013eov, Asoci\u00e1cia priemyseln\u00fdch zv\u00e4zov a dopravy, Zdru\u017eenie miest a obc\u00ed Slovenska<\/strong> a z\u00e1stupcovia odborov\u00fdch zv\u00e4zov &#8211; <strong>Konfeder\u00e1cia odborov\u00fdch zv\u00e4zov Slovenskej republiky a Spolo\u010dn\u00e9 odbory Slovenska.<\/strong><\/p><p><!--StartFragment --><span class=\"cf0\">ASR sa zameriava na vytv\u00e1ranie preh\u013eadn\u00e9ho <\/span><strong><span class=\"cf1\">syst\u00e9mu povolan\u00ed a kvalifik\u00e1ci\u00ed, ktor\u00fd podporuje celo\u017eivotn\u00e9 vzdel\u00e1vanie a pom\u00e1ha \u013eu\u010fom lep\u0161ie sa orientova\u0165 v mo\u017enostiach vzdel\u00e1vania, rozvoja a uplatnenia na trhu pr\u00e1ce<\/span><\/strong><span class=\"cf0\"><strong>.<\/strong> Po\u017eiadavky trhu pr\u00e1ce zos\u00fala\u010fujeme so vzdel\u00e1van\u00edm <\/span><span class=\"cf1\">prostredn\u00edctvom 24 sektorov\u00fdch r\u00e1d, ktor\u00e9 pokr\u00fdvaj\u00fa v\u0161etky odvetvia hospod\u00e1rstva na Slovensku<\/span><span class=\"cf0\">.<\/span><!--EndFragment -->\u00a0<a href=\"https:\/\/www.alianciasr.sk\/sektorove-rady\/\">Zoznam sektorov\u00fdch r\u00e1d<\/a> <em>(extern\u00fd odkaz).<\/em><\/p><p>Z\u00e1rove\u0148, od janu\u00e1ra 2025 pln\u00edme aj <strong>nov\u00e9 kompetencie v oblasti vzdel\u00e1vania dospel\u00fdch,<\/strong> ktor\u00e9 boli na ASR prenesen\u00e9 z M\u0160VVaM SR. Medzi nov\u00e9 kompetencie ASR patr\u00ed akredit\u00e1cia vzdel\u00e1vac\u00edch programov, overovanie vzdel\u00e1vac\u00edch v\u00fdstupov a registr\u00e1cia poskytovate\u013eov vzdel\u00e1vac\u00edch programov v oblasti digit\u00e1lnych a zelen\u00fdch zru\u010dnost\u00ed.<\/p><p><!--StartFragment --><\/p><p class=\"pf0\"><span class=\"cf0\">Okrem nov\u00fdch kompetenci\u00ed v oblasti vzdel\u00e1vania dospel\u00fdch sme sa zamerali aj na <\/span><strong><span class=\"cf1\">podporu zamestnancov v r\u00f4znych \u017eivotn\u00fdch situ\u00e1ci\u00e1ch<\/span><\/strong><span class=\"cf0\"><strong>.<\/strong> \u010ci u\u017e ide o starostlivos\u0165 o bl\u00edzkeho, v\u00fdchovu mal\u00fdch det\u00ed alebo prechod do d\u00f4chodku, na\u0161\u00edm <\/span><strong><span class=\"cf1\">cie\u013eom je vytv\u00e1ra\u0165 pracovn\u00e9 podmienky, ktor\u00e9 zoh\u013ead\u0148uj\u00fa individu\u00e1lne potreby. <\/span><\/strong><span class=\"cf0\">Pr\u00e1ve k tomu sl\u00fa\u017eia n\u00e1stroje n\u00e1rodn\u00e9ho projektu <\/span><a href=\"https:\/\/www.celozivotnakariera.sk\/index.php\/vekovy-manazment-praca-prisposobena-vekovym-etapam\/\"><span class=\"cf2\">Vekov\u00fd mana\u017ement: Pr\u00e1ca prisp\u00f4soben\u00e1 vekov\u00fdm etap\u00e1m<\/span><\/a><span class=\"cf0\"> a \u010fal\u0161ie materi\u00e1ly dostupn\u00e9 na port\u00e1li Celo\u017eivotn\u00e1 kari\u00e9ra.<\/span><\/p><p><!--EndFragment --><\/p><p><a href=\"https:\/\/www.alianciasr.sk\/\">Viac o ASR<\/a> <em>(extern\u00fd odkaz).<\/em><\/p>\t\t\t\t\t\t\t\t<\/div>\n\t\t\t\t<\/div>\n\t\t\t\t<\/div>\n\t\t\t\t\t<\/div>\n\t\t\t\t<\/div>\n\t\t\t\t<\/div>\n\t\t","protected":false},"excerpt":{"rendered":"<p>O n\u00e1s Celo\u017eivotn\u00e1 kari\u00e9ra je modern\u00fd webov\u00fd port\u00e1l, ktor\u00fd sp\u00e1ja v\u0161etko potrebn\u00e9 pre udr\u017eanie a rozvoj profesijnej kari\u00e9ry po\u010das cel\u00e9ho \u017eivota. Pon\u00faka n\u00e1stroje a rie\u0161enia z oblasti vekov\u00e9ho mana\u017ementu a rozvoja zru\u010dnost\u00ed, v\u010faka ktor\u00fdm m\u00f4\u017eu jednotlivci, organiz\u00e1cie a zamestn\u00e1vatelia cielene reagova\u0165 na meniace sa potreby pracovn\u00edkov v r\u00f4znych \u017eivotn\u00fdch etap\u00e1ch a situ\u00e1ci\u00e1ch. V dobe turbulentn\u00fdch [&hellip;]<\/p>\n","protected":false},"author":1,"featured_media":0,"parent":0,"menu_order":0,"comment_status":"closed","ping_status":"closed","template":"elementor_header_footer","meta":{"footnotes":""},"class_list":["post-41","page","type-page","status-publish","hentry"],"_links":{"self":[{"href":"https:\/\/www.celozivotnakariera.sk\/index.php\/wp-json\/wp\/v2\/pages\/41","targetHints":{"allow":["GET"]}}],"collection":[{"href":"https:\/\/www.celozivotnakariera.sk\/index.php\/wp-json\/wp\/v2\/pages"}],"about":[{"href":"https:\/\/www.celozivotnakariera.sk\/index.php\/wp-json\/wp\/v2\/types\/page"}],"author":[{"embeddable":true,"href":"https:\/\/www.celozivotnakariera.sk\/index.php\/wp-json\/wp\/v2\/users\/1"}],"replies":[{"embeddable":true,"href":"https:\/\/www.celozivotnakariera.sk\/index.php\/wp-json\/wp\/v2\/comments?post=41"}],"version-history":[{"count":76,"href":"https:\/\/www.celozivotnakariera.sk\/index.php\/wp-json\/wp\/v2\/pages\/41\/revisions"}],"predecessor-version":[{"id":636,"href":"https:\/\/www.celozivotnakariera.sk\/index.php\/wp-json\/wp\/v2\/pages\/41\/revisions\/636"}],"wp:attachment":[{"href":"https:\/\/www.celozivotnakariera.sk\/index.php\/wp-json\/wp\/v2\/media?parent=41"}],"curies":[{"name":"wp","href":"https:\/\/api.w.org\/{rel}","templated":true}]}}